= -5*b**2 - 2*b - 4. Let a(n) = n**2 - n + 1. Let z(l) = t*a(l) - k(l). Give z(-7).
7
Let x(d) = 8*d - 3. Let c = 14 + -23. Suppose -w - 2*w + 33 = 0. Let z = w + c. Determine x(z).
13
Suppose 0 = 2*a - 21 + 17. Let d(g) = 6 - 261*g**3 + 262*g**3 - 3*g**a - 2*g - 2*g**2. Determine d(5).
-4
Let i(t) = -t**3 - t**2. Let u be i(-1). Let p(f) = 8*f - 8*f - f**2 - 13 + u*f. Let s be (-2)/(-4)*0/(3 - 6). Determine p(s).
-13
Let b be (-68)/10 + 6/(-30). Let z(q) = -36*q + 16*q + 21*q + 5. Calculate z(b).
-2
Let p(a) = a**2 + 26*a + 55. Suppose 2*i - 84*n + 89*n = -73, 5*n + 145 = -5*i. Give p(i).
7
Let f(s) = s**3 - 6*s**2 + 1. Suppose 0 = 90*t - 97*t + 42. What is f(t)?
1
Let l(n) = -13*n**3 + 10*n**3 + 186*n**2 - 189*n**2. Determine l(-2).
12
Let m(w) be the third derivative of -w**5/60 + w**4/8 + 2*w**3/3 - 2*w**2. Suppose -2*v - 44 + 6 = 0. Let c = v + 24. What is m(c)?
-6
Let c(b) = -b - 9. Let z be c(-7). Let x(d) be the second derivative of -1/2*d**3 + 0 - 14*d - 1/2*d**2. Give x(z).
5
Suppose 0 = -2*p + 2 + 16. Suppose 2 = v + p. Let a(u) = u**2 + 6*u + 1. Calculate a(v).
8
Let t(c) be the second derivative of c**5/20 - c**4/3 + 3*c**2/2 + 37*c. Let a = -44 + 48. What is t(a)?
3
Suppose -2*x = -3*x + 3. Let b(w) = -2*w**3 + w - 1. Let m(d) = 5*d**3 - 5*d**2 + 2*d + 2. Let g(u) = -2*b(u) - m(u). Determine g(x).
6
Let l be (-18)/63 - (1 - (-47)/7). Let r(m) = -m**3 - 9*m**2 - 10*m - 10. Determine r(l).
6
Let c = 25/7 - 43/14. Let w(a) be the first derivative of -9 + 0*a - c*a**2 - 1/3*a**3. Determine w(-3).
-6
Let b(o) = 18*o**3 - 4*o - 6. Let u(l) = -2*l**3 + l + 2. Let m(s) = b(s) + 3*u(s). What is m(-1)?
-11
Let d be (3/(-6) + -1)/(12/(-8)). Let o(f) be the third derivative of -19*f**5/60 - f**3/6 - 4*f**2. What is o(d)?
-20
Let n(j) = 1 + 3*j + j + 0*j + 2*j. What is n(-1)?
-5
Let p(j) = 6*j**3 - 8*j**2 - 20*j + 12. Let q(a) = -a**3 - a**2 + a. Let t(h) = -p(h) - 5*q(h). What is t(14)?
2
Suppose -805 = -2*k - 803. Let g(b) = 7*b**2 + b - 1. Determine g(k).
7
Let p be 18/15*(-20)/6. Let l = p + 1. Let y(g) be the second derivative of -g**3/6 - 3*g**2/2 - 11*g. Determine y(l).
0
Let u(z) = 7*z**2 - 4*z + 1. Suppose 34 = 3*h + 31. Determine u(h).
4
Let z be 8/12*(-18)/(-2). Let k(j) = j**3 - 6*j**2 - j - 5. Give k(z).
-11
Suppose 0*k - 9 = -3*k. Let j(h) = 2*h**3 + 66*h**2 - 59*h**2 - 5 + 2*h - 6*h**k + 3*h**3. What is j(7)?
9
Let j(v) = -v - 7. Let n be j(-10). Suppose -n = q - 2*q + 5*c, -3*c = -3*q + 9. Let x(w) = q*w + 6 - 5*w + 4*w. Determine x(-5).
-4
Let k = -72 - -42. Let x = k + 23. Let d(a) = a**3 + 8*a**2 + 7*a - 9. Calculate d(x).
-9
Let i(c) be the second derivative of c**3/6 + 7*c**2/2 + 39*c + 6. Give i(-9).
-2
Let m(l) = -3*l**3 - 2*l**2 + 2*l + 2. Let n = 75 + -77. What is m(n)?
14
Let m(p) be the first derivative of -p**3/3 - 4*p**2 - 9*p + 5. Let f(t) = -5*t**3 - 2*t. Let n be f(1). Determine m(n).
-2
Let r(k) = -k**2 - 9*k - 12. Let u(f) = -2*f**2 + 33*f + 20. Let j be u(17). Let w be 3 + ((21 + j)/(-3) - 3). Calculate r(w).
-4
Let h(j) be the third derivative of j**6/120 + j**5/20 - j**4/24 - j**3/2 - 3*j**2. Let t be (26 + -32)*(-3)/(-6). Calculate h(t).
0
Let s(g) be the third derivative of 0*g - 1/60*g**5 + 2*g**2 - 1/8*g**4 + 0 - 2/3*g**3. Suppose 10 = -9*j - 17. Determine s(j).
-4
Let s(q) = -q**2 - 25*q - 32. Let m be s(-24). Let x(c) = -c**3 - 8*c**2 + c + 9. Determine x(m).
1
Let g(f) = -2*f + 2. Let j be g(4). Let p(o) = o**3 + 67 - 32 + 5*o - 14 - 20 + 7*o**2. Give p(j).
7
Let f(c) = -c**3 - 3*c**2 + 1. Let a(z) = -7*z**3 + 18*z**2 + z - 6. Let m(x) = a(x) + 6*f(x). Calculate m(-1).
12
Let v(s) be the second derivative of -s**5/120 - s**3/6 + 4*s. Let w(h) be the second derivative of v(h). Calculate w(5).
-5
Let k(t) be the first derivative of t**6/120 + t**5/15 + t**4/12 - 31*t**2/2 - 29. Let r(m) be the second derivative of k(m). Give r(-3).
3
Let s = -147 + 151. Suppose 0*d + 7*d = s*d. Let b(m) = -m + 26. Calculate b(d).
26
Let j be (-6)/(-8) + 45/20. Let r(o) = -6*o**j + o**2 + o + 5*o**3 + 5 + 0*o**3. Let u(x) = -x**3 + 26*x**2 - x + 26. Let y be u(26). Calculate r(y).
5
Let v(o) = -o**3 + 6*o**2 - 6*o. Let r be 19/2 + (-12)/8. Let l be (r/6 + -2)*-3. Suppose d = -h, 5*h - l*h = d - 16. What is v(d)?
8
Let h(s) = -s**3 + 8*s**2 - 3*s - 27. Let q = 822 + -815. Calculate h(q).
1
Let x(t) = 2 + 0 - 1 + 0 + 2*t. Let a be 6 + (0 - 8) - 1. Calculate x(a).
-5
Suppose -2*y - 5*g - 24 = 0, 0 = -3*y - 2*g + g - 10. Let u(s) be the first derivative of -7*s**2/2 - s + 7. Calculate u(y).
13
Let o(u) = -2*u**2 - 9*u - 1. Let x(h) = -5*h**2 - 17*h - 3. Let i(q) = -7*o(q) + 3*x(q). Give i(11).
9
Let q be -5 + 4 + (0 - -5). Let u(s) = s**2 - 3 + q*s + 2*s - 3*s - 9*s. Suppose 3*n - 8 = 10. Give u(n).
-3
Let j(n) = -n**3 - 14*n**2 - 14*n - 19. Suppose -4*q = -9*b + 4*b + 57, -2*q - 22 = 4*b. What is j(q)?
-6
Let s(n) = -2*n**2 - 48*n + 1. Let g(j) = -26*j + 1. Let p(z) = -2*g(z) + s(z). Suppose -5*c + 3*w + w = -7, -c - 5 = -4*w. Determine p(c).
-7
Let z be (-52)/(-10) - 72/360. Let r(t) = -t**2 + 7*t. Give r(z).
10
Let u(m) = m**2 + m. Let i(l) = -3*l**2 - 1. Let h(n) = -i(n) + 3*u(n). Determine h(-2).
19
Let y(b) = -b + 2 - 43*b**2 + 3*b + 44*b**2 + 1 - b. Determine y(-3).
9
Let w(n) = -n**3 - 4*n**2 + 2*n + 3. Suppose -8*u + 10*u - 14 = 0. Suppose -4 = 2*j - 10. Suppose 32 = -3*f + 5*y, j*y - u = -2*f - 3. Give w(f).
-5
Let k(v) = 11*v**2 - 12*v**3 - 10*v**2 + 12*v - 13*v. Let j(c) = -c**3 - 5*c**2 + 5*c - 8. Let z be j(-6). Let l be (3/6)/((-1)/z). Determine k(l).
-12
Let y(p) = -13*p - p**2 + 3*p**2 - p**2 - 4 + 14*p. Give y(-3).
2
Let w(x) = x**3 + 11*x**2 + 10*x - 5. Let n(z) = -5*z**2 + 18*z - 19. Let y be n(3). Determine w(y).
-5
Let d(q) = 14*q - 4. Suppose -4 = -12*b + 56. What is d(b)?
66
Let g(o) = -2*o. Let d(k) = 25*k**2 + k - 2. Let j(u) = d(u) - g(u). Calculate j(1).
26
Let u(p) = p**3 - 650 + 8*p**2 + 217 + 216 + 210 + 11*p. Determine u(-5).
13
Let v(y) = -8 + 2 - 3*y + 4*y + 3 + y**2. Let g(z) = z**2 + 2*z - 3. Let a(l) = 5*g(l) - 6*v(l). Give a(5).
-2
Let c = 33 + -33. Let j(r) = -2*r**2 + r + 2*r + 6 + r**2 + c*r**2. Determine j(5).
-4
Let v(z) be the third derivative of -z**5/60 + z**4/8 + 2*z**3/3 + z**2 - 46*z. Calculate v(4).
0
Let v(i) = 95*i**3 - 3*i**2 - 3*i + 116. Let s(c) = 32*c**3 - c**2 - c + 41. Let l(b) = 17*s(b) - 6*v(b). Determine l(-1).
27
Let i(f) = -f**3 - 18*f**2 + 18*f - 16. Let a be i(-19). Let y(o) = 3*o**3 + 4*o**3 + 3*o**2 - 8*o**3 - a + 5*o + o**2. Give y(5).
-3
Let f(q) be the first derivative of -q**2 - 20*q - 15. Let i be f(-11). Let u(a) = 2*a - 1. Determine u(i).
3
Let w(l) = -l**3 - l**2 + 2*l - 1. Let r = -344 - -345. Determine w(r).
-1
Suppose 5*z = -7 - 13. Let h(r) = -16*r - 2*r**3 - 5*r**2 + 13*r - 5*r**3 + 6*r**3 + 5. Calculate h(z).
1
Let k(c) be the third derivative of -5/6*c**3 + 30*c**2 + 5/12*c**4 + 0*c + 0 - 1/60*c**5. Give k(10).
-5
Let q(i) = i**2 - i. Let o = -152 + 88. Let k = o + 67. Determine q(k).
6
Let q(s) = 2*s - 30. Let h = 499 + -482. Determine q(h).
4
Let p = 106 + -38. Let n be p/18 - (-2)/9. Suppose -n*o + 6 = -14. Let d(r) = -r**3 + 4*r**2 + 7*r - 2. Determine d(o).
8
Suppose -2*o - 2 = 4. Let m(t) = 8*t**2 + 7*t - 11. Let w(p) = 5*p**2 + 3*p - 6. Let g(x) = o*m(x) + 5*w(x). Determine g(7).
10
Let g(w) = w - 1. Suppose 4 = -6*p + 10*p. Let l be 22/6 + p/3. Suppose -4*j - 16 = l. What is g(j)?
-6
Let y(z) = -z**2. Suppose -4*o = 70 + 226. Let q = -73 - o. Determine y(q).
-1
Let o(b) be the first derivative of b**4/4 + b**3/3 + b**2/2 + 17*b + 43. Give o(0).
17
Suppose 2*k = m + 9, k + m - 3*m = 12. Let g(w) = 7 - 9 + 0*w**k + 4*w + w**2. Determine g(-4).
-2
Let p = -842 - -851. Let h(i) = 3*i - 23. Give h(p).
4
Let q(p) be the first derivative of p**2/2 - 3*p - 4. Let a(y) = -y**2 - 7*y + 7. Let u be a(-7). Determine q(u).
4
Let l(v) = -v**2 - 15. Suppose -51*f + 17*f = 0. What is l(f)?
-15
Let u(b) = -8*b**2 - b - 5. Let q(d) = 1. Let z(j) = -5*q(j) - u(j). What is z(-1)?
7
Suppose -3*a + 3 - 4 = -2*u, -3*a = 2*u - 7. Let v(y) = -y**3 + 6*y + 3 - y**2 + 0*y**2 - 2*y**u. Let g = -22 - -18. Calculate v(g).
-5
Let y(a) = 4*a - 1. Suppose 0 = -3*k - k + 48. Let h be 14*(-1)/(-6) + (-4)/k. Determine y(h).
7
Let k(c) = 195*c**2 - 3*c - c + 194*c**